value of (-18 - (1 + -18) - 10) + 27 + -1?
15
(0 - 1) + (-4 + -2 + 6 - -22)
21
What is the value of -3 + ((-2 - 3) + 8 - (0 - 2))?
2
What is 2 + 2 + (19 - (37 + -19) - 30)?
-25
Evaluate 17 + (1 - 19) + -2.
-3
Evaluate 4 + -5 + (9 - 34) + -4 - 9.
-39
Calculate 3 - (-7 - (-1 - -2 - 1)).
10
What is the value of 8 - ((3 - -11) + -3 + 2)?
-5
9 - (3 - (2 - -7) - (-2 + -5))
8
-15 + (2 - ((3 - -5) + -16 + 7))
-12
-35 + 23 - (2 + (7 - 11))
-10
(-14 - -5) + 5 + 1 + 11
8
Evaluate -9 - (0 - -10 - 13).
-6
Evaluate -37 + 24 + -5 + 11.
-7
-6 + (-22 + 41 - -10)
23
Evaluate (-10 - 11) + 9 + (6 - 15).
-21
Evaluate (19 - (8 + -12) - 8) + -8.
7
What is 24 + 14 + -27 + -5?
6
Evaluate -212 + 209 - (-3 + 16 + -1).
-15
(0 + -16 - (270 - 296)) + 18
28
Calculate -13 + 1 + 0 - (6 + 17 + -24).
-11
(23 - 9 - 4) + (0 - 7)
3
Calculate -14 + (-8 - (22 - 6 - 8)).
-30
What is the value of -6 - (-34 - (-16 + -2))?
10
What is the value of (14 + -23 - -43) + -6?
28
What is the value of (12 - 7) + 25 - (8 + 3)?
19
What is (0 - -3) + -1 + 46 + -40?
8
What is the value of 4 + (0 + 11 - (32 - 23)) + -5?
1
What is the value of (0 + -22 - (-5 - 8)) + (16 - 0)?
7
Calculate (21 + 25 - 14) + -17.
15
What is the value of -41 - (-19 - (5 - -4))?
-13
26 - (-45 - -27 - -24)
20
What is 18 + -15 - (5 + 1) - -6 - 7?
-4
Evaluate 2 + -8 + (4 - -3) + -10.
-9
What is -39 - (-25 - -17 - 20)?
-11
Calculate -15 + 7 + -1 + (-16 - -25).
0
Evaluate (-22 - -16) + (-6 - -17).
5
Evaluate -14 + (-19 + (7 - -15) - -1).
-10
Calculate -10 - ((4 - -3 - (10 - 1)) + -2).
-6
-8 + (-9 - -10) + 9
2
Calculate -15 + -10 + 7 + 5 + -2 + 0.
-15
Evaluate (-2 - (-12 + (-8 - -11))) + -13 + 34.
28
What is -1 + -12 + (6 - (-3 + 14))?
-18
(-2 - 7 - (-2 + -4)) + 9
6
Evaluate 21 - 22 - 28 - -45.
16
Calculate 18 + 25 + (-33 - 28).
-18
What is 3 - (-6 - -9) - (-7 - (4 + -6))?
5
What is the value of -1 - (-4 + 0) - (3 + -4 + -9)?
13
Calculate 24 + -31 - (-8 + 7 - (-2 - 2)).
-10
Calculate (47 - 29) + -65 + 37.
-10
What is the value of 3 - (4 - (24 + 4))?
27
Calculate 8 - (30 + 15 + -28 + 5).
-14
What is the value of -5 + 29 - (-16 + 47)?
-7
(0 - (-4 + 1 - (23 + -29))) + 0
-3
Evaluate -11 + (1 - -11) + -9 + -3.
-11
What is -2 - -1 - (-4 - ((10 - 9) + -1))?
3
What is the value of 8 + (-7 + -5 - 3 - -17)?
10
(0 + 0 - -9) + (54 - 45)
18
10 - (0 + (-2 - -3) - (29 + -25))
13
What is 14 - (15 - 2 - -4)?
-3
(-5 - 7) + (1 - -5) + (1 - -6)
1
What is -33 - (-27 - -4) - (1 + -11)?
0
Evaluate (0 - -27 - (12 + -13) - 4) + -5.
19
Evaluate -26 + 1 + 16 + (0 - 0) + 0.
-9
What is the value of 16 - 125 - -109 - (-19 + 0)?
19
What is 40 - (5 + -18) - 27?
26
What is (13 - 11) + 4 + (2 - -1) - -9?
18
What is the value of -6 - ((25 - 10) + -4) - -11?
-6
What is 2 + -4 + 14 + (-69 - -57)?
0
Calculate -37 + 7 + 39 - ((-3 - -2) + 3).
7
Calculate (-160 - -175) + (1 - 19).
-3
Evaluate 5 + -3 + (10 - 20) + 15.
7
What is the value of (3 - (1 + 1)) + (-19 - (-4 - 14))?
0
-17 + 25 + 0 + -12 - 24
-28
Calculate 8 - (26 - (43 + -15)).
10
Evaluate 0 + (1 - (-4 - 0 - (-34 + 34))).
5
-19 + (46 - 47) - -49
29
(2 - 16) + -3 + 19
2
What is the value of 20 + (31 + 3 - 32)?
22
Calculate -2 - (6 + (-3 - -11) - 11).
-5
-3 + -17 + 28 - 9
-1
Calculate -15 - (-40 + 21 + -1).
5
What is (-5 - -7) + 6 - 11 - -8?
5
Evaluate (1 - ((6 - 0) + 9)) + 5.
-9
8 - ((-10 + 16 - 6) + 1 + -6)
13
What is -11 + -11 + (60 - 59)?
-21
What is the value of -8 - -1 - (-43 + 36) - (2 - -2)?
-4
What is -1652 - -1657 - (1 - 1)?
5
What is ((4 - -4) + 1 - 12) + 4 + 32?
33
What is the value of 9 + (-9 - 27) + 53?
26
1 + -4 + (7 - 12 - -13)
5
Evaluate -17 + 13 + -5 + 1 + 2.
-6
Calculate 9 + -5 - (3 + -17).
18
What is -7 - (6 - (-4 - -3 - -8))?
-6
What is the value of (0 - 4) + -10 + (-49 + 22 - -20)?
-21
Evaluate -10 - (0 - 9) - (1 - -4).
-6
Calculate -11 + (-12 - (-25 - 4)).
6
What is the value of (0 + -21 + 6 - -9) + 9 - 2?
1
569 + -574 - (1 - (11 + 2))
7
Evaluate -62 + 52 - (7 + -1 - 10).
-6
What is the value of 12 - (21 - (-5 - -17)) - (3 + 1)?
-1
Evaluate (23 - -3) + -28 - (0 + -3).
1
What is the value of 0 + 5 - (2 + -4)?
7
((5 - -5) + -3 + -4 - 11) + 20
12
(-21 - (2 - 39)) + (0 - 5)
11
What is -8 - (-5 + (0 - (-4 - -12 - 18)))?
-13
Calculate -69 - (46 + -29 - 48).
-38
(-1 + 1 - -17) + 91 + -36 + -57
15
Evaluate (-1 - -7) + (-6 - (37 - (11 + -3))).
-29
What is the value of 1 - -19 - ((9 - 10) + (-53 - -43))?
31
-14 - ((12 - 12) + -3)
-11
Evaluate (3 + (-1 - -2) - -2) + -6.
0
Evaluate -3 + (6 + -12 - -3 - 16).
-22
What is the value of 3 + (-2 - (-14 - (-12 - -10))) + -45?
-32
What is the value of -5 + 6 + (-1 + -3 - -5 - 0)?
2
Evaluate 14 - ((17 + -6 - 27) + 33).
-3
What is -26 + (-20 - (-10 - 19)) + (-2 - -2)?
-17
What is the value of -2 - (-3 + 2 + -4 + 9)?
-6
Evaluate (24 - 0) + -5 + (-5 - 0).
14
2 - (6 + -21) - 14
3
What is the value of 240 + -239 + (1 - 3) + 1 + 1?
1
Evaluate 7 + 1 - (101 + -87).
-6
-12 + 42 + -74 + 44
0
Calculate -139 + 186 - (0 + 26).
21
(2 - 4) + 2 + 2 - 1 - 8
-7
Calculate -19 + 15 + -2 + -1.
-7
Calculate 1 + -6 + -7 + (1 + 0 - -4).
-7
What is the value of -2 + -1 - ((69 - 76) + 1 + 13)?
-10
Evaluate 17 + (-2 - (-5 - (29 + -16))).
33
What is -6 - (0 + (-1 + -12 - (-4 - 0)))?
3
What is 10 + -27 - 10 - ((-12 - -4) + 2)?
-21
What is 18 + (23 - 7 - 19 - (1 - -1))?
13
Calculate (0 + -2 - -8) + (16 - 9 - 24).
-11
Evaluate -2 - 26 - (3 - (4 + 1)) - -5.
-21
Evaluate -29 - (7 - 28) - (0 + -11).
3
What is the value of -1 - (4 + (-6 - (5 - (1 + 0))))?
5
Calculate 67 + -79 - (-19 + -5).
12
(10 + 9 - 13) + -8 + 7
5
(-71 - -84) + -8 + 2
7
Calculate 3 - (10 + -3 - 1) - -4.
1
What is 68 + -63 - (5 + 7 + -27)?
20
Calculate (-10 - (3 - 6)) + -98 + 99.
-6
(-39 - -22) + 1 + 8 + 0
-8
Calculate 33 + -29 + 6 + 3.
13
What is the value of (1 - 7) + (-22 - (-20 + -22))?
14
1 - 28 - (-1372 + 1343)
2
What is -9 + 9 - (-7 + 1 + -4)?
10
What is the value of (-1 - 4 - -6) + (-2 - 1)?
-2
Calculate (13 - (18 + -10)) + (-3 + -2 - 1).
-1
Calculate -71 + 87 + (2 - -3 - 1).
20
What is the value of 0 + (20 + -42 - -3)?
-19
6 + 7 + -1 + (-36 - -38)
14
What is the value of 0 + (-13 - ((-23 - -10) + 17))?
-17
What is -7 + 1 + 11 - -11 - (-1 - -6)?
11
Evaluate -107 + 114 + (2 - 2 - (-3 - -3)).
7
Calculate 9 + 0 + -187 + 179.
1
Calculate -11 + (28 - 10) - -7.
14
What is -2 - (6 + -3 - 3) - 6?
-8
What is the value of 8 + (13 + -2 - (0 + 17 + -9))?
11
What is the value of (14 - (34 + -31)) + -2 + 18?
27
Evaluate -13 + -30 + (-3 - -18) - -9.
-19
-16 + -1 + 3 - -29
15
Evaluate 6 - ((-6 - -4) + -4 + 17 + -18).
13
What is the value of 23 - 1 - (-8 - (-27 + (8 - -6)))?
17
Calculate (89 - 87) + (-13 - -2).
-9
(5 - -6) + (15 - (-3 - -35))
-6
What is the value of -12 - (-38 - (-1 + (-12 + 5 - -9)))?
27
What is the value of (-15 - 0) + 102 + -105?
-18
What is the value of -24 - (-15 - (15 + 6))?
12
What is 15 + 1 + (12 - -4 - 27) + 15?
20
What is the value of -40 + 19 + -25 + 23?
-23
(-3 - -14) + (0 - 3)
8
Evaluate -7 + -2 + (-5 - (-12 - 0)) + 1.
-1
What is (4 - (4 + (-7 - 1))) + 1?
9
What is 28 + -4 + (4 - 12) + (2 - 4)?
14
5 + 4 + (-48 - -7)
-32
Calculate 7 + (-37 - 0 - -13).
-17
-163 + 192 - (3 - 19 - (0 - 5))
40
-5 + (2 - 9) + (-18 - -12)
-18
What is (-5 - 1 - (-12 + 2)) + 14?
18
What is the value of -13 + -2 + (-14 - -15)?
-14
Evaluate (169 - 168) + 10 + -2.
9
24 + (7 - -10) + -62
-21
What is 0 + 5 + (-175 - -181) - 8?
3
Evaluate 9 + -46 + (-12 - (-6 + -10)) + 6.
-27
What is the value of 18 - ((7 - 0) + -19 + 16 - 0)?
14
What is the value of -13 - (-8 + 30 + -13 + (-7 - -2))?
-17
What is the value of -7 + -4 + (1 - -8) - -2 - 11?
-11
Calculate (4 - (3 - 2)) + -8 - (-38 + 18).
15
Evaluate 5 + -38 + (-10 - -11) + 4.
-28
What is (1 - 21) + (-1491 - -1487)?
-24
What is -3 - (-4 - (15 - 27))?
-11
Calculate -3 - (-1 - 3) - (75 - 77).
3
What is the value of 23 - (21 - (6 + -7))?
1
What is the value of 42 - (31 - -15) - (0 + 4 + 1)?
-9
Calculate (-27 - -36) + 0 + 7.
16
Evaluate (11 - 1) + (0 - -1) + -1.
10
What is 3 - (19 - (32 + -17))?
-1
Evaluate -10 + (-1 + 8 + 2 - -9).
8
-32 - (-32 + -2) - (0 + 0 + 11)
-9
Evaluate -5 + (11 - (-1 + -12 + 20)).
-1
Evaluate -5 - (-14 + (0 - -9)).
0
Evaluate (7 - 0) + -84 + 67 - (-6 - -12).
-16
What is (4 - 14 - 2) + 33?
21
Calculate (-6 - (15 - 9 - 16)) + (1 - 8).
-3
Evaluate -5 - (-11 - ((-10 - -4